833716?
3
What is the ten thousands digit of 13553518?
5
What is the ten thousands digit of 70336?
7
What is the hundred thousands digit of 1018646?
0
What is the thousands digit of 774964?
4
What is the hundred thousands digit of 10128101?
1
What is the thousands digit of 518014?
8
What is the units digit of 1305482?
2
What is the hundred thousands digit of 801238?
8
What is the thousands digit of 5288326?
8
What is the hundred thousands digit of 1643315?
6
What is the hundreds digit of 848047?
0
What is the units digit of 386729?
9
What is the hundred thousands digit of 1642628?
6
What is the thousands digit of 2270643?
0
What is the hundreds digit of 16018391?
3
What is the tens digit of 3265959?
5
What is the hundred thousands digit of 114764?
1
What is the ten thousands digit of 941027?
4
What is the hundred thousands digit of 6488262?
4
What is the hundreds digit of 1478292?
2
What is the tens digit of 105988?
8
What is the hundreds digit of 25023235?
2
What is the ten millions digit of 12981410?
1
What is the tens digit of 266720?
2
What is the hundreds digit of 5048318?
3
What is the millions digit of 2894056?
2
What is the hundreds digit of 192033?
0
What is the ten thousands digit of 282010?
8
What is the ten thousands digit of 242975?
4
What is the units digit of 2395889?
9
What is the tens digit of 948124?
2
What is the units digit of 1098210?
0
What is the hundreds digit of 4157468?
4
What is the ten thousands digit of 333386?
3
What is the hundreds digit of 232181?
1
What is the hundreds digit of 51534?
5
What is the hundreds digit of 12307518?
5
What is the thousands digit of 122220?
2
What is the thousands digit of 27857343?
7
What is the millions digit of 25739719?
5
What is the tens digit of 494481?
8
What is the tens digit of 459890?
9
What is the thousands digit of 8470776?
0
What is the tens digit of 8499562?
6
What is the hundreds digit of 2564246?
2
What is the thousands digit of 139437?
9
What is the tens digit of 2436385?
8
What is the thousands digit of 873654?
3
What is the tens digit of 4204192?
9
What is the tens digit of 353772?
7
What is the hundreds digit of 1906713?
7
What is the tens digit of 461968?
6
What is the units digit of 26415?
5
What is the ten thousands digit of 6766620?
6
What is the thousands digit of 4287107?
7
What is the ten thousands digit of 599309?
9
What is the ten thousands digit of 878122?
7
What is the tens digit of 358162?
6
What is the millions digit of 3537092?
3
What is the units digit of 852614?
4
What is the ten thousands digit of 3546697?
4
What is the ten thousands digit of 2216494?
1
What is the hundreds digit of 338890?
8
What is the ten thousands digit of 1327011?
2
What is the units digit of 5215033?
3
What is the hundred thousands digit of 232190?
2
What is the thousands digit of 155828?
5
What is the tens digit of 858479?
7
What is the millions digit of 8591587?
8
What is the millions digit of 7836403?
7
What is the ten thousands digit of 28992477?
9
What is the hundreds digit of 600390?
3
What is the tens digit of 7831288?
8
What is the thousands digit of 452847?
2
What is the units digit of 58264?
4
What is the thousands digit of 9179300?
9
What is the ten thousands digit of 496909?
9
What is the hundreds digit of 9202316?
3
What is the units digit of 952863?
3
What is the hundreds digit of 1395211?
2
What is the millions digit of 3104020?
3
What is the units digit of 8137544?
4
What is the tens digit of 1086708?
0
What is the hundred thousands digit of 238850?
2
What is the thousands digit of 315731?
5
What is the hundreds digit of 410979?
9
What is the ten thousands digit of 10210897?
1
What is the thousands digit of 31881?
1
What is the thousands digit of 794561?
4
What is the units digit of 778741?
1
What is the hundreds digit of 322805?
8
What is the ten thousands digit of 867906?
6
What is the hundred thousands digit of 1097817?
0
What is the tens digit of 880454?
5
What is the units digit of 516159?
9
What is the hundred thousands digit of 1682586?
6
What is the tens digit of 28918527?
2
What is the millions digit of 7949069?
7
What is the hundreds digit of 868528?
5
What is the hundreds digit of 161349?
3
What is the millions digit of 7846269?
7
What is the hundreds digit of 3320288?
2
What is the thousands digit of 45899?
5
What is the ten thousands digit of 408722?
0
What is the hundred thousands digit of 958122?
9
What is the hundred thousands digit of 2323619?
3
What is the tens digit of 3988867?
6
What is the hundreds digit of 3873254?
2
What is the ten thousands digit of 2160657?
6
What is the thousands digit of 11970092?
0
What is the ten thousands digit of 23608?
2
What is the hundred thousands digit of 1263403?
2
What is the hundreds digit of 819992?
9
What is the hundred thousands digit of 539213?
5
What is the hundred thousands digit of 358552?
3
What is the units digit of 1768205?
5
What is the hundreds digit of 2743472?
4
What is the tens digit of 1437420?
2
What is the hundred thousands digit of 9381858?
3
What is the tens digit of 111586?
8
What is the hundreds digit of 12337?
3
What is the hundreds digit of 26523868?
8
What is the thousands digit of 5013015?
3
What is the hundreds digit of 1659399?
3
What is the units digit of 191111?
1
What is the hundreds digit of 13921955?
9
What is the thousands digit of 343466?
3
What is the units digit of 88480?
0
What is the tens digit of 368916?
1
What is the units digit of 33362717?
7
What is the hundreds digit of 44749?
7
What is the ten thousands digit of 22037?
2
What is the tens digit of 938981?
8
What is the hundreds digit of 15211?
2
What is the tens digit of 11371851?
5
What is the units digit of 658997?
7
What is the hundred thousands digit of 219095?
2
What is the units digit of 324136?
6
What is the ten thousands digit of 11507574?
0
What is the tens digit of 348941?
4
What is the units digit of 18830464?
4
What is the hundreds digit of 148353?
3
What is the thousands digit of 449537?
9
What is the units digit of 414396?
6
What is the millions digit of 2934639?
2
What is the thousands digit of 11760100?
0
What is the tens digit of 4932327?
2
What is the thousands digit of 1243359?
3
What is the millions digit of 11902599?
1
What is the units digit of 660942?
2
What is the ten thousands digit of 59723?
5
What is the tens digit of 80851?
5
What is the tens digit of 4796387?
8
What is the thousands digit of 78178?
8
What is the thousands digit of 208107?
8
What is the ten thousands digit of 1845339?
4
What is the units digit of 8595799?
9
What is the units digit of 195264?
4
What is the hundred thousands digit of 745178?
7
What is the millions digit of 1985194?
1
What is the tens digit of 310055?
5
What is the tens digit of 20805583?
8
What is the millions digit of 1402677?
1
What is the units digit of 648776?
6
What is the millions digit of 1659981?
1
What is the thousands digit of 343643?
3
What is the thousands digit of 7602904?
2
What is the thousands digit of 19523433?
3
What is the hundred thousands digit of 130028?
1
What is the hundreds digit of 1006832?
8
What is the units digit of 606082?
2
What is the thousands digit of 1405258?
5
What is the hundred thousands digit of 4687602?
6
What is the tens digit of 648334?
3
What is the hundreds digit of 20971?
9
What is the ten thousands digit of 644574?
4
What is the millions digit of 2047503?
2
What is the hundreds digit of 455252?
2
What is the thousands digit of 1183140?
3
What is the tens digit of 26383?
8
What is the hundred thousands digit of 412638?
4
What is the hundreds digit of 3088547?
5
What is the thousands digit of 127671?
7
What is the units digit of 7862651?
1
What is the ten millions digit of 16840624?
1
What is the hundreds digit of 682084?
0
What is the tens digit of 856655?
5
What is the hundred thousands digit of 377540?
3
What is the units digit of 6546585?
5
What is the units digit of 734190?
0
What is the thousands digit of 309751?
9
What is the hundred thousands digit of 572749?
5
What is the hundreds digit of 217991?
9
What is the units digit of 120723?
3
What is the thousands digit of 6775456?
5
What is the hundreds digit of 13661179?
1
What is the hundred thousands digit of 6438097?
4
What is the ten millions digit